s**2 - 34*s + 4. Let r be l(7). Let t = 23397 + r. Is t composite?
True
Let l(c) = c - 1. Let i(f) = 12*f - 42. Let w(p) = -i(p) + 6*l(p). Let d be w(6). Suppose d = 10*g - 9*g - 649. Is g composite?
True
Suppose 56*h = 38*h + 19062. Let n = -536 + h. Is n a prime number?
True
Suppose b + 4*o = -469, 4*b = 4*o - 724 - 1232. Let t = b - -3304. Is t prime?
True
Let c(r) = 5*r + 15*r + 38 + r. Let l be c(-8). Let n = 511 + l. Is n prime?
False
Let f = 392303 + 52070. Is f a prime number?
False
Is 394078 + -21*(-11)/(-33) composite?
True
Let w be (12/(-7))/((-5)/105). Let h = w - 31. Suppose 9*f = h*f + 5132. Is f a prime number?
True
Is (-6)/(-8)*(3 - 11) + 33967 composite?
False
Suppose 322*a = 327*a - 170. Is (0 - -14)*527/a a prime number?
False
Suppose -7494410 = -103*w + 3207256 - 1842121. Is w prime?
False
Suppose 0 = k - 23*r - 24941, 7*r - 5*r + 49618 = 2*k. Is k a composite number?
True
Suppose 23*c + 502 = 6459. Suppose 9*p - 5*m = 13*p - 1032, -p - m = -c. Is p a prime number?
True
Let f be 15/3 - (2 + 3). Suppose -4*j + 70844 + 102832 = f. Is 4/(-22) + j/11 a composite number?
False
Suppose -6*c = -33*c + 972783. Is c a composite number?
True
Let z(k) = k**3 + k**2 - 3*k. Let m be z(-2). Let d(i) = i**3 - 3*i + 2. Let f be d(m). Is -4 + 982*(6 - f)/4 a composite number?
False
Suppose 0*u = 5*u - 130. Let s be (-18)/(-4) + u/52. Suppose 3*p - 377 = -2*l, -s*p + 641 = -3*l - 0*l. Is p composite?
False
Let a = -29 - -42. Let h = a + -6. Suppose h*u = -2445 + 7240. Is u a prime number?
False
Suppose 523138 = 129*c - 3563711. Is c prime?
False
Suppose 0 = -3*u - 2*c - 44, -3*c - 26 = -36*u + 38*u. Let h(a) = -519*a + 49. Is h(u) composite?
False
Let d be (-4)/5*(-80)/32. Suppose 0 = 2*n + 3*m - 725 - 4094, -3*n = d*m - 7231. Is n a prime number?
True
Let x be 3/4*(8 + -4). Suppose 3*t = -i + 2639, -t - x = -7. Is i a prime number?
False
Suppose 0 = -30*c + 3759419 + 1346851. Is c prime?
False
Suppose u = 17*u + 80. Let z(s) = 140*s**2 + 3*s + 14. Is z(u) a composite number?
False
Let y be 11*-5 + (-18)/(-6). Let v = y + 407. Suppose -p + 3*k = -k - 345, 0 = p + k - v. Is p prime?
True
Suppose 16*h + 3700745 = 5*n + 14*h, -h = -n + 740149. Is n a prime number?
False
Let j = -33684 + 64133. Is j composite?
False
Let m be 28 + -30 - (9484 - 2). Let t = -1217 - m. Is t a prime number?
False
Let u = 29 + -38. Let i be -1*3*15/u. Let l(y) = 15*y**2 + 6*y + 4. Is l(i) composite?
False
Let k = -470314 - -718087. Is k a prime number?
False
Let g = 278 + -278. Let n(l) = 13*l + 2554. Is n(g) prime?
False
Let w be (9/(72/16))/((-1)/(-2)). Suppose 3355 = w*c + 9439. Let b = -494 - c. Is b a prime number?
False
Let f(y) = -1714*y**3 + 56*y**2 + 16*y + 21. Is f(-5) a prime number?
False
Let r(q) = -747*q**3 - 2*q**2 - 18*q - 71. Is r(-4) composite?
False
Suppose -10*d + 11*d = -40*d. Let y be (14/(-6))/((-1)/3). Suppose 5*o + 2*p - 3505 = y*p, -5*o - 5*p + 3505 = d. Is o composite?
False
Suppose 0 = -p - 2*y + 536983, -103*p - 3*y = -102*p - 536980. Is p a prime number?
True
Let m(j) = 88*j + 3. Let i(n) = 1 + 57*n + 14 - 33*n - 25*n. Let w be i(13). Is m(w) composite?
False
Is 230674*((-72)/(-80) + (-6)/15) a prime number?
True
Suppose 0 = -5*m + 3*a + 162332, -4*m + 102459 + 27405 = -4*a. Is m a composite number?
False
Suppose 170*s - 2*b = 175*s - 234775, 5*s - 234775 = -5*b. Is s a composite number?
True
Suppose 6 = 5*c + 3*g, -6 = -5*c + 8*c - 3*g. Suppose -m + 3850 + 4228 = c. Suppose -n + 1463 = 4*p - m, 0 = 3*p + n - 7155. Is p composite?
True
Let q = -288892 - -423567. Is (-4 - 72/(-20))/((-10)/q) prime?
True
Let l be 39010 - -9 - -3*(-12)/9. Let g = -25264 + l. Is g prime?
True
Let z be 1/(-3)*(3 - 3). Let n be 48/22 - (-22)/(-121). Suppose n*g + 2*i - 752 = z, 3*g + 3*i = 8*i + 1104. Is g prime?
True
Let j(c) = -184*c + 1. Suppose a - 6 = -6. Suppose a = 9*u + 48 + 33. Is j(u) prime?
True
Let p = 62804 - -367997. Is p a composite number?
True
Let l(f) = 199*f**3 - 10*f**2 + 17*f - 11. Let p(y) = -198*y**3 + 11*y**2 - 19*y + 10. Let n(k) = 7*l(k) + 6*p(k). Is n(3) a prime number?
False
Let z be (-19 + 21)/(4/(-210)). Is (-5)/(z/14) + (-25633)/(-3) a prime number?
False
Let b(p) = -278*p**2 + 78*p + 40. Let w be b(45). Is w/(-80)*((-12)/(-15))/2 prime?
True
Let s = -4814 - -6411. Is s a prime number?
True
Let z(s) = -4*s**3 + 5*s**2 + 7*s + 37. Let d(g) = -3*g**3 + g**2 + g. Let t(f) = d(f) - z(f). Is t(18) a composite number?
False
Let n = 54 + -74. Let h = 7 - n. Is (-3)/(-2)*6066/h a prime number?
True
Suppose 2916047 = 16*i - 7481698 + 2939937. Is i a composite number?
True
Suppose 0 = -2479*o + 2511*o + 128. Suppose 0 = 2*z + 4, -3*i + 2*z = z - 38. Is o/3*(-306)/i a composite number?
True
Suppose 4*h - 3*g - 221843 = 0, h - 34937 - 20515 = 2*g. Is h prime?
False
Let m(w) = -w**2 + 9*w + 20. Let l be m(9). Let s be 10 - (0 + l/4). Suppose -t + 52 = -3*v, -s*t + 173 = -t - 5*v. Is t prime?
True
Let l be (-15)/(-9)*(0 + 3)/1. Is 2 + 0 - (l + -118) a prime number?
False
Suppose 125*b - 118*b = 216041. Is b prime?
False
Suppose s - 218928 = -5*v, 94*v - 98*v + 175138 = 3*s. Is v a prime number?
False
Let s be (4/6)/(3/(-117)). Is (153 + s)/((-1)/(-5)) a composite number?
True
Is (138482/12)/(7 - (-615)/(-90)) a prime number?
False
Let j = -325 + 331. Suppose -4*h + 10540 = 4*n, 11*h - j*h = 3*n - 7889. Is n a prime number?
True
Let t be 15/90 + (-593)/(-6). Let n = -93 + t. Suppose n*s - s = p - 524, 4*p = -3*s + 1981. Is p a composite number?
False
Let i be (43*28)/4*2/2. Suppose -4*w + k = -771, i - 104 = w + 4*k. Let g = w - -100. Is g a composite number?
False
Is ((-24)/(-16))/((-111)/(-10730518)) a prime number?
True
Suppose -12*l - 5718 = -9*l. Let h = -3812 - l. Let x = -1275 - h. Is x a prime number?
True
Suppose 98 = 4*k - 3*g, 2*k - 3*g = 2*g + 56. Suppose -k*r = -26*r + 12. Suppose -r = -3*x + 35. Is x prime?
True
Let q = -266166 + 525431. Is q a composite number?
True
Let c = 326320 - 189819. Is c prime?
True
Let j = 161030 + -91663. Is j a composite number?
True
Let v be (-1 + -541)/(11 + 1309/(-121)). Let j = -1998 - v. Is j prime?
True
Is (-45824)/192*267/(-4) prime?
False
Let a = -57 + 59. Suppose -a*j - 2*f - 1 = -3*f, -3*j + 4*f = 4. Suppose -3*w + b = 4*b - 1425, 4*w + 5*b - 1897 = j. Is w prime?
False
Suppose -7*l = 4141 - 333. Let b = 1349 - l. Suppose -5*k - b = -8*k. Is k a prime number?
True
Let c(t) = 9*t**2 - 11*t + 1. Let r(k) = k**3 + 6*k**2 + 6*k + 3. Let f be r(-4). Suppose f*z + 44 = 7*z. Is c(z) a composite number?
True
Suppose 0 = 5*b + 2*i - 172, -4*b = -8*b + 5*i + 131. Suppose 41*d = b*d + 9527. Is d composite?
False
Let d be ((-118)/4)/((-7)/(-1750)). Let g = d - -12648. Is g prime?
True
Let l = -64269 - -105452. Is l a composite number?
False
Suppose -44*y + 28692579 = -29*y + 108*y. Is y composite?
True
Let z = 19806 - 9964. Let c = -3931 + z. Is c composite?
True
Is 177626/30 + 734/5505 a composite number?
True
Let c be 3/(-1) - 1058/(-2). Let m(p) = 78*p**2 - c + 6*p - 30*p**2 + 521. Is m(4) composite?
False
Let m be (-430)/(-4) + ((-9)/6 - -2). Let v be 20/(-6)*(-25)/(750/m). Suppose -3*k + 2370 = v*k. Is k a prime number?
False
Let y be 2 - -2 - (-20 + (3 - 4)). Is 30/y*25/15 - -3947 a composite number?
True
Let k(r) = -3823*r - 623. Is k(-60) a prime number?
True
Let d(j) = 42*j + 93. Let p be d(15). Suppose 110*g = 109*g + p. Is g composite?
True
Let l(m) = -5*m**3 + 17*m**2 - 108*m - 1841. Is l(-45) a prime number?
False
Let d(z) = -z**2 + 12*z - 15. Let v be d(10). Suppose 8*o - 25247 - 6401 = 0. Is 16/(-80) + o/v a composite number?
True
Suppose 11*u - 2268 = 14*u. Let q = u + 1547. Let w = q - 240. Is w a composite number?
True
Let v(w) be the first derivative of 47*w**3/3 - 45*w**2/2 - 31*w + 28. Is v(-16) a prime number?
True
Let n = 9156 - 6198. Suppose -s + 4757 = -n. Is s composite?
True
Let n = 178 - -309. Suppose n = 2*o - 1423. Is o a composite number?
True
Suppose -5*i = -20, 3*f = -16*i + 12*i + 165703. Is f a prime number?
True
Let a = 78539 + 5490. Is a composite?
True
Suppose -d + 19*g - 22*g + 196291 = 0, 5*g + 981455 = 5*d. Is d a prime number?
True
Suppose 0 = 45*k - 47*k - 540. Let v = k - -471. Is v prime?
False
Suppose 202250 = 5*f - 5*k, -3*f - 39896 + 161252 = -k. Suppo